s = -16 + 19. Suppose -s*d + 8 = -1. Suppose q = 5, d*t + 5*q - 143 = 209. Is t composite?
False
Suppose -4*t - 9 = 15. Suppose -4*r - 36 = -8*r. Let g = t + r. Is g prime?
True
Suppose -5*j = 4*v - 12735 - 19940, 0 = -5*v. Is j prime?
False
Let p(a) = -a + 10. Let z be p(8). Let k(d) = -z + 1 + 2*d + 197*d**2 - 4*d. Is k(-2) a composite number?
True
Let u = -16 + 67. Let i be u*(14/3 + -4). Is 27897/i + 1/2 a prime number?
True
Is (2 + (-64)/12)/(14/(-9807)) a composite number?
True
Suppose -2*s + 5*s = -5*j + 15, -15 = -3*s + 5*j. Suppose -x + 2*z + 173 = 0, 2*x - 2*z + s*z - 325 = 0. Is x composite?
False
Suppose -4*d = 3*i - 40, -d = -3*i + 16 + 34. Suppose -i = -2*o + 142. Is o prime?
True
Suppose -4*c - 217 = -37. Let h be (-85059)/c - 1/5. Suppose 4*y = -o + 399, y = -5*o + 2*y + h. Is o prime?
True
Suppose 0 = -5*i + 2 + 23. Suppose -5*g = -5*v - 25, -5*g - i*v = -4*v - 19. Suppose 3*z = -5*j + 404, 0*j = 2*j + g*z - 170. Is j composite?
False
Suppose 3*x = -4*m - 0*x + 17, x + 26 = 5*m. Suppose -3*q - 34 - 130 = -m*j, 3*j + 2*q = 87. Is j a composite number?
False
Let a(c) = 90*c**2 - 37*c + 77. Is a(4) composite?
True
Let y be (-16)/(-28) + 8/(-14). Suppose y*x + 5*x - 1529 = 2*h, -x - 4*h = -319. Is x composite?
False
Is -3765*(1/(-5))/(48/80) a composite number?
True
Let h(o) = o**2 + 10*o + 4. Let n be h(-10). Suppose 3*k - 3106 = -k + 2*z, 0 = -n*k + z + 3111. Is k composite?
True
Suppose -3*p - 2*p = 2*y - 32271, -4*y = p - 64569. Is y prime?
False
Suppose 3*o + 38 = o. Let z be (2*-3)/(o - -17). Suppose -z*w + 5*w = 262. Is w prime?
True
Suppose g - 6*g = -280. Suppose -86 = -43*c - 0. Let q = c + g. Is q prime?
False
Suppose -j = 2*m - 4*j + 11, -2 = m + 2*j. Let h(n) = -3*n - 10. Let z be h(m). Suppose -44 + 130 = z*a. Is a a prime number?
True
Let q be ((-10)/(-8))/(6/24). Suppose -41 = -q*v + 59. Is (-3 - -4)*(v + -1) a prime number?
True
Let k(d) = 33*d**3 + 5*d**2 + 8*d + 19. Let g be k(-6). Let f = -4743 - g. Is f a composite number?
True
Let p = -62 + -21. Let g = 114 + -118. Is p*(1 - (-32)/g) a prime number?
False
Suppose 3*g - 188 - 245 = u, 3*g = 5*u + 425. Is g a prime number?
False
Suppose -3*h - 112285 = -20*h. Is h a composite number?
True
Let h(a) be the third derivative of 119*a**5/30 + a**3/6 + 3*a**2. Is h(-1) composite?
False
Suppose -2*i - 7 = -l - 1, l = 5*i + 9. Suppose l*m + 6*w - w - 1086 = 0, -3*w = -m + 263. Is m a prime number?
True
Let i(y) = -5*y + 8. Let a be i(6). Let c = -18 - a. Suppose 4*t - 3 = -3*m + 106, -99 = -c*t - 5*m. Is t a prime number?
True
Suppose 0*a - a + 64 = h, 0 = -a + 2*h + 73. Suppose -a = -5*j + 178. Is j a prime number?
False
Let r(w) = w**3 - w + 2375. Let p be r(0). Suppose -4*t + 1869 = 3*a, -2*t = 3*t - 4*a - p. Suppose 2*s + t - 80 = 5*o, 164 = 2*o + 3*s. Is o composite?
False
Let q(j) = -45*j**2 - 3*j - 5. Let k be q(3). Let o = 790 + k. Is o composite?
True
Let v(r) = 3*r**3 - 50*r**2 - 68*r - 53. Let w(b) = 2*b**3 - 25*b**2 - 34*b - 26. Let p(f) = -3*v(f) + 5*w(f). Is p(-23) a composite number?
True
Let i(u) = u**2 + 1. Let s(b) = -2*b**2 + 7*b - 10. Let t(d) = 4*i(d) + s(d). Let v be t(-6). Suppose -v = 5*n - 199. Is n prime?
False
Let v = 64 - 1. Suppose -u - 2*u = -5*p - v, -2*p - 4*u = 20. Let g = p + 34. Is g a composite number?
True
Let m be 4 - 0 - (-4 + 1). Suppose -5*p = 5*v - 5, -m + 3 = -p. Is 4 - (2582 + 1)/v a prime number?
False
Let j = 36933 + 20186. Is j composite?
False
Let c be (-1 + -7)/((-2)/(-11)). Let i be c/(-6) + (-10)/(-15). Suppose -158 = -i*h + 6*h. Is h composite?
False
Let g = -9 + 2. Let h(m) = -2*m**3 - 7*m**2 + 8*m - 12. Let y be h(g). Let v = 540 - y. Is v prime?
False
Let x = 297 + -164. Suppose -4*k + 11*k - x = 0. Is k a composite number?
False
Suppose -16*u = -22*u + 52482. Is u a composite number?
False
Let s = -14 + 22. Suppose 10*a + 4 = s*a. Let i(d) = 6*d**2 + 2*d - 1. Is i(a) composite?
False
Suppose 13990 = -3*l + 3247. Let g = 5755 - l. Is g/16*2/3 prime?
True
Suppose -2*w = -0*w. Suppose 0 = -3*j - 4*n + 179, n + 134 = 2*j - w*n. Is j prime?
False
Let k(j) = -j**2 - 18*j - 15. Let y be k(-17). Is 0/(-1) - (y - 1903) composite?
False
Let z = 1165 - 655. Let d be 2/(-6) + z/18. Suppose 0*c + 2*a - 14 = -2*c, 4*c = -5*a + d. Is c a prime number?
True
Let v(l) be the second derivative of -l**6/180 + l**5/120 + 395*l**4/24 - l**3/6 - 7*l. Let m(b) be the second derivative of v(b). Is m(0) a prime number?
False
Suppose 1479 = -3*q + 12372. Is q prime?
True
Let k(a) = 7*a - 3. Let y(i) = -13*i + 6. Let h(f) = 5*k(f) + 3*y(f). Is h(-8) a prime number?
False
Let p be 500*(6/5)/3. Let h = -74 + p. Suppose 382 = 4*z - h. Is z a composite number?
False
Let q = 26805 + -12896. Is q a prime number?
False
Let a be 1654 + 0/((-2)/(-2)). Suppose -w + 5*r + a = w, 2*r = 4. Let k = w + -593. Is k prime?
True
Let c = -162 + 161. Is ((-70)/5 - -3)*79/c composite?
True
Let q(j) = 1389*j**2 - 36*j - 2. Is q(-3) prime?
False
Let j(z) = 5*z**2 - 5*z - 3. Let q be j(2). Suppose -q*w + 13252 = -3*w. Is w composite?
False
Let g(k) = -11*k + 5. Suppose -j = -6*j - 30. Let s(l) = 10*l - 5. Let m(y) = j*g(y) - 5*s(y). Is m(4) a prime number?
True
Let n be (-2)/(-5) - 4/10. Suppose n = -5*m - 20, 2*t - 4*m + 2*m - 210 = 0. Suppose 93 = 2*l - t. Is l a prime number?
True
Suppose 3*g - 21907 = -5*c, -g - c = 4*c - 7289. Is g prime?
True
Let i = 461 - -800. Is i a prime number?
False
Suppose 6*o + 1403 = -73. Is (-11 - -15) + o/(-1*2) composite?
False
Let k = -21 + 24. Let j be (-2 + 1)/(k/(-15)). Suppose -4*p + 3060 = p + 5*x, 0 = -j*p + 2*x + 3067. Is p composite?
False
Let l(n) = -n**3 + 10*n**2 + 11*n - 10. Let d be l(11). Let m = 25 + d. Is m a prime number?
False
Suppose 5*o + 2 = 12. Let k(h) = h**3 + 3*h**2 - 4*h + 5. Let d be k(-4). Suppose -d*x + 121 = -3*v, -4*v = -3*v + o. Is x a prime number?
True
Suppose 0 = 3*s - 4*c - 3258, -11*s - c = -14*s + 3249. Is s a composite number?
True
Let m be 1 - (0 + -2 + 3). Let v = m + 4. Suppose -14 = -v*x + 110. Is x a prime number?
True
Suppose 51 = 5*i - a, 3*i - 7*a = -2*a + 35. Let c be 351/65 + (-4)/i. Suppose -5*d - 27 = -c*z + 168, 0 = 5*z + d - 183. Is z prime?
True
Suppose 218 = 5*r + 78. Let q = r - 14. Is (q/(-6))/(10/(-4890)) a composite number?
True
Let p(g) = -66*g - 40. Let t(u) = -132*u - 81. Let r(n) = -13*p(n) + 6*t(n). Let c(q) = -22*q - 11. Let i(h) = 7*c(h) + 2*r(h). Is i(-4) a composite number?
False
Let v(r) = -r**3 + 9*r**2 + 12*r + 11. Suppose -5*x = -2 + 57. Let d = -2 - x. Is v(d) a prime number?
False
Suppose r - 56 = -5*y + 5*r, -5*r = -5*y + 60. Suppose -4*n = -y*n - 48. Let g(i) = 5*i**2 - 5*i + 17. Is g(n) composite?
False
Let m = -470 + 972. Is m composite?
True
Let i = -11 + 13. Suppose 3*w - 408 = i*s, 3*w - w - 262 = -2*s. Let a = 451 - w. Is a a composite number?
False
Suppose -2152 - 957 = -m. Is m prime?
True
Is (-4)/(-26) + (-249710)/(-130) prime?
False
Is 7/28*363388/(-2)*-2 composite?
False
Let c(g) = 4*g**2 - 33*g + 113. Is c(30) prime?
False
Is 5 - (-5)/2*38904/30 prime?
False
Suppose -z + 4 - 5 = 0. Let i be -6 - -1 - (z - 0). Is (i/6)/(8/(-12732)) composite?
False
Let i(z) = 10060*z**2 + 2*z + 3. Is i(-1) prime?
True
Let v(f) be the second derivative of f**4/6 + 3*f**3/2 + 7*f**2 - 3*f. Suppose 4*w - 12*w - 96 = 0. Is v(w) prime?
False
Let i = 46 - 65. Let x = i - -28. Suppose 8*u = x*u - 359. Is u a prime number?
True
Suppose 0 = -5*c + 1048 + 127. Suppose -5*r = p + p - 593, -3*p + c = 2*r. Is r a prime number?
False
Suppose -12*k + 5462 = -5206. Is k a prime number?
False
Let b be (1 - 0)/(-7 - -8). Let x(q) = b - 11*q - 21*q + 2. Is x(-9) composite?
True
Let h(u) = -u**3 + 15*u**2 - 16*u - 3. Let o(v) = v**3 + 7*v**2 - v - 3. Let a be o(-7). Suppose 5*g + q = 63, 29 = 5*g + a*q - 28. Is h(g) prime?
True
Let t = 1 - -4. Suppose 885 = t*k - 1785. Suppose -4*w + k = -2*w - 5*n, -261 = -w + n. Is w composite?
False
Suppose -2*b = -5*i + 14483, -5*i = -4*b - b - 14480. Is i a prime number?
True
Let x(g) = -2198*g**3 + g**2 + 5*g + 4. Let q be x(-1). Let o = -215 - -464. Let n = q - o. Is n a prime number?
True
Let v be 2/(-6) - (-88)/(-24). Let j be v/(-10) - 7232/80. Let y = j + 145. Is y prime?
False
Let p be (-872)/(-44) - 6/(-33). Suppose 5*a + 64 = 4*